15
Calculate the greatest common divisor of 30 and 4100.
10
What is the greatest common divisor of 1828 and 21656316?
1828
What is the highest common divisor of 188844 and 60?
12
What is the highest common factor of 2988 and 6516?
36
What is the highest common divisor of 475 and 625?
25
What is the greatest common factor of 161190 and 450?
90
Calculate the greatest common divisor of 34600 and 4498.
346
What is the greatest common factor of 149 and 871501?
149
What is the highest common divisor of 841229 and 202?
101
Calculate the highest common factor of 69 and 1920983.
23
What is the greatest common factor of 79739 and 2636?
659
What is the greatest common divisor of 2231 and 155297?
97
Calculate the highest common factor of 1141929 and 1402.
701
What is the greatest common factor of 30 and 80130?
30
What is the greatest common divisor of 81711 and 315?
63
What is the highest common factor of 1064 and 2968?
56
What is the highest common divisor of 50 and 93560?
10
Calculate the greatest common factor of 211558 and 834.
278
Calculate the highest common divisor of 264 and 27808.
88
Calculate the greatest common divisor of 1207 and 81464.
17
Calculate the highest common divisor of 1020 and 8364.
204
What is the highest common divisor of 77264 and 704?
176
Calculate the highest common divisor of 34064 and 32.
16
Calculate the greatest common factor of 73956 and 528.
12
What is the greatest common divisor of 2924558 and 182?
182
Calculate the greatest common factor of 15652 and 6760.
52
Calculate the greatest common divisor of 10 and 221520.
10
What is the greatest common factor of 91 and 11599?
7
What is the greatest common factor of 1 and 3262?
1
What is the greatest common divisor of 2424 and 5544?
24
What is the highest common factor of 35340 and 110865?
285
Calculate the greatest common factor of 148983 and 97448.
937
What is the highest common divisor of 2650 and 8215?
265
What is the greatest common divisor of 590 and 239658?
118
What is the greatest common factor of 32864 and 3397?
79
Calculate the greatest common divisor of 102136 and 1496.
136
Calculate the greatest common divisor of 98060 and 90.
10
Calculate the highest common factor of 73100 and 43.
43
Calculate the highest common factor of 27 and 14046858.
27
What is the greatest common factor of 4777 and 731?
17
What is the greatest common divisor of 31062 and 9?
3
Calculate the greatest common divisor of 550 and 29050.
50
Calculate the highest common divisor of 125725 and 525.
25
Calculate the highest common factor of 190188 and 216.
108
What is the greatest common divisor of 15 and 295635?
15
Calculate the highest common factor of 3387845 and 51.
17
Calculate the greatest common factor of 6325 and 186175.
275
What is the highest common factor of 186 and 3224?
62
What is the highest common factor of 1548 and 3492?
36
Calculate the greatest common factor of 22383 and 189.
27
What is the greatest common divisor of 16692 and 660?
12
Calculate the greatest common factor of 16 and 222376.
8
What is the greatest common factor of 2744 and 8680?
56
What is the greatest common divisor of 234 and 259090?
26
Calculate the highest common factor of 16992 and 1384.
8
Calculate the greatest common divisor of 1296 and 19710.
54
Calculate the greatest common factor of 393837 and 852.
213
What is the highest common factor of 456 and 73032?
24
Calculate the greatest common factor of 12348 and 14868.
252
Calculate the greatest common factor of 704 and 432608.
352
Calculate the greatest common factor of 1380134 and 28.
14
Calculate the highest common divisor of 1234628 and 3598.
514
Calculate the greatest common factor of 23 and 141473.
23
Calculate the greatest common factor of 1001 and 7392.
77
Calculate the greatest common factor of 132 and 208252.
44
What is the highest common factor of 14362 and 13244?
86
What is the highest common divisor of 2930 and 710?
10
Calculate the highest common divisor of 111 and 2879673.
111
Calculate the greatest common divisor of 771536 and 80.
16
Calculate the highest common divisor of 98094 and 4.
2
Calculate the highest common divisor of 13050947 and 173.
173
What is the greatest common factor of 1204 and 4669?
7
Calculate the greatest common factor of 22 and 458821.
11
Calculate the highest common factor of 2256 and 3261424.
752
What is the highest common factor of 42 and 35964?
6
Calculate the highest common factor of 46 and 736046.
46
What is the greatest common divisor of 115009 and 235?
47
Calculate the greatest common divisor of 1071 and 28602.
63
What is the highest common factor of 2145 and 208?
13
Calculate the highest common divisor of 162200 and 600.
200
What is the greatest common divisor of 14660764 and 172?
172
What is the highest common divisor of 729 and 1062153?
729
Calculate the greatest common factor of 114984 and 132.
12
Calculate the highest common divisor of 348816 and 338.
338
What is the greatest common factor of 2286080 and 1280?
1280
What is the greatest common factor of 53282 and 4?
2
What is the greatest common factor of 493 and 7076?
29
Calculate the highest common factor of 1232 and 10549.
77
Calculate the greatest common divisor of 307549 and 766.
383
Calculate the highest common factor of 513 and 16647.
3
Calculate the highest common divisor of 98 and 184289.
49
What is the highest common divisor of 304 and 151600?
16
What is the highest common divisor of 567 and 5446?
7
Calculate the greatest common factor of 4433 and 7657.
403
Calculate the highest common factor of 2535 and 240.
15
What is the highest common factor of 6 and 4006?
2
Calculate the highest common factor of 7644 and 351.
39
What is the highest common divisor of 119 and 606781?
119
What is the greatest common factor of 405977 and 2145?
143
Calculate the greatest common divisor of 4983 and 77.
11
What is the highest common divisor of 536 and 215204?
268
What is the highest common factor of 533138 and 186?
62
What is the greatest common factor of 14641 and 1188?
11
Calculate the greatest common factor of 4602 and 2106.
78
Calculate the highest common factor of 28 and 189511.
7
Calculate the highest common divisor of 250504 and 136.
8
Calculate the greatest common factor of 5432 and 168.
56
What is the highest common factor of 477 and 77643?
9
What is the highest common factor of 705966 and 1164?
582
What is the highest common factor of 4141351 and 61?
61
What is the greatest common factor of 3523 and 286?
13
Calculate the highest common divisor of 138 and 169510.
46
Calculate the highest common factor of 712698 and 4970.
994
Calculate the greatest common factor of 1064 and 637488.
152
What is the greatest common factor of 2090 and 4785?
55
Calculate the highest common divisor of 558 and 43214.
62
What is the greatest common divisor of 3817 and 165?
11
What is the greatest common divisor of 86 and 134074?
86
What is the highest common divisor of 114048 and 492?
12
Calculate the greatest common factor of 392 and 5558.
14
Calculate the greatest common divisor of 555736 and 8.
8
What is the greatest common factor of 16201 and 67663?
953
What is the highest common factor of 5689084 and 68?
68
Calculate the greatest common divisor of 14558 and 5020.
502
What is the highest common divisor of 28858 and 376?
94
What is the greatest common divisor of 96870 and 15?
15
What is the highest common divisor of 25881 and 33?
3
What is the greatest common factor of 34 and 42857?
17
Calculate the highest common divisor of 36 and 610758.
18
Calculate the greatest common factor of 50 and 52735.
5
Calculate the greatest common factor of 14800 and 2300.
100
What is the greatest common factor of 50 and 991175?
25
What is the highest common divisor of 6384 and 819?
21
What is the highest common factor of 612152 and 8?
8
Calculate the greatest common factor of 4 and 203254.
2
What is the highest common divisor of 26617 and 84803?
619
Calculate the highest common divisor of 330 and 259578.
66
Calculate the highest common factor of 25236 and 36.
36
What is the greatest common factor of 130587 and 1131?
87
Calculate the greatest common factor of 7 and 1753472.
7
Calculate the greatest common factor of 5088198 and 138.
138
What is the highest common factor of 419496 and 672?
168
What is the great